{"id":1195,"date":"2021-10-01T02:01:34","date_gmt":"2021-10-01T02:01:34","guid":{"rendered":"http:\/\/132.247.225.120\/cultura\/?page_id=1195"},"modified":"2023-01-30T17:34:39","modified_gmt":"2023-01-30T17:34:39","slug":"historia","status":"publish","type":"page","link":"https:\/\/sedesenelextranjero.unam.mx\/index.php\/historia\/","title":{"rendered":"Historia"},"content":{"rendered":"<div id=\"pl-1195\"  class=\"panel-layout\" ><div id=\"pg-1195-0\"  class=\"panel-grid panel-no-style\" ><div id=\"pgc-1195-0-0\"  class=\"panel-grid-cell\" ><div id=\"panel-1195-0-0-0\" class=\"widget_text so-panel widget widget_custom_html panel-first-child\" data-index=\"0\" ><div class=\"textwidget custom-html-widget\"><br><\/div><\/div><div id=\"panel-1195-0-0-1\" class=\"so-panel widget widget_maxmegamenu\" data-index=\"1\" ><div id=\"mega-menu-wrap-max_mega_menu_1\" class=\"mega-menu-wrap\"><div class=\"mega-menu-toggle\"><div class=\"mega-toggle-blocks-left\"><\/div><div class=\"mega-toggle-blocks-center\"><\/div><div class=\"mega-toggle-blocks-right\"><div class='mega-toggle-block mega-menu-toggle-animated-block mega-toggle-block-0' id='mega-toggle-block-0'><button aria-label=\"Toggle Menu\" class=\"mega-toggle-animated mega-toggle-animated-slider\" type=\"button\" aria-expanded=\"false\">\n                  <span class=\"mega-toggle-animated-box\">\n                    <span class=\"mega-toggle-animated-inner\"><\/span>\n                  <\/span>\n                <\/button><\/div><\/div><\/div><ul id=\"mega-menu-max_mega_menu_1\" class=\"mega-menu max-mega-menu mega-menu-horizontal mega-no-js\" data-event=\"hover\" data-effect=\"fade_up\" data-effect-speed=\"200\" data-effect-mobile=\"disabled\" data-effect-speed-mobile=\"0\" data-mobile-force-width=\"false\" data-second-click=\"go\" data-document-click=\"collapse\" data-vertical-behaviour=\"standard\" data-breakpoint=\"768\" data-unbind=\"true\" data-mobile-state=\"collapse_all\" data-hover-intent-timeout=\"300\" data-hover-intent-interval=\"100\"><li class='mega-menu-item mega-menu-item-type-post_type mega-menu-item-object-page mega-align-bottom-left mega-menu-flyout mega-menu-item-1445' id='mega-menu-item-1445'><a class=\"mega-menu-link\" href=\"https:\/\/sedesenelextranjero.unam.mx\/index.php\/sedes\/\" tabindex=\"0\">Sedes<\/a><\/li><li class='mega-menu-item mega-menu-item-type-post_type mega-menu-item-object-page mega-align-bottom-left mega-menu-flyout mega-menu-item-1203' id='mega-menu-item-1203'><a class=\"mega-menu-link\" href=\"https:\/\/sedesenelextranjero.unam.mx\/index.php\/historia\/\" tabindex=\"0\">Historia<\/a><\/li><li class='mega-menu-item mega-menu-item-type-post_type mega-menu-item-object-page mega-align-bottom-left mega-menu-flyout mega-menu-item-1204' id='mega-menu-item-1204'><a class=\"mega-menu-link\" href=\"https:\/\/sedesenelextranjero.unam.mx\/index.php\/mision\/\" tabindex=\"0\">Misi\u00f3n y Visi\u00f3n<\/a><\/li><li class='mega-menu-item mega-menu-item-type-post_type mega-menu-item-object-page mega-align-bottom-left mega-menu-flyout mega-menu-item-1291' id='mega-menu-item-1291'><a class=\"mega-menu-link\" href=\"https:\/\/sedesenelextranjero.unam.mx\/index.php\/plan-de-desarrollo-institucional\/\" tabindex=\"0\">Plan de Desarrollo Institucional<\/a><\/li><\/ul><\/div><\/div><div id=\"panel-1195-0-0-2\" class=\"widget_text so-panel widget widget_custom_html panel-last-child\" data-index=\"2\" ><div class=\"textwidget custom-html-widget\"><br><\/div><\/div><\/div><\/div><div id=\"pg-1195-1\"  class=\"panel-grid panel-no-style\" ><div id=\"pgc-1195-1-0\"  class=\"panel-grid-cell panel-grid-cell-empty\" ><\/div><div id=\"pgc-1195-1-1\"  class=\"panel-grid-cell\" ><div id=\"panel-1195-1-1-0\" class=\"so-panel widget widget_text panel-first-child panel-last-child\" data-index=\"3\" >\t\t\t<div class=\"textwidget\"><h3 style=\"line-height: 200%;\"><strong>Historia<\/strong><\/h3>\n<\/div>\n\t\t<\/div><\/div><div id=\"pgc-1195-1-2\"  class=\"panel-grid-cell panel-grid-cell-mobile-last\" ><div id=\"panel-1195-1-2-0\" class=\"so-panel widget widget_text panel-first-child panel-last-child\" data-index=\"4\" >\t\t\t<div class=\"textwidget\"><p><span style=\"color: #000;\"><br \/>\nLa Universidad Nacional Aut\u00f3noma de M\u00e9xico tiene como antecedente a la Real y Pontificia Universidad de M\u00e9xico, establecida mediante C\u00e9dula Real en 1551. <span style=\"font-weight: 400;\">Desde la fundaci\u00f3n de la Universidad Nacional, en 1910, la vinculaci\u00f3n acad\u00e9mica con instituciones de educaci\u00f3n superior internacionales (IES) es un componente importante en la vida acad\u00e9mica universitaria. El 22 de septiembre de dicho a\u00f1o, tuvo lugar la inauguraci\u00f3n de la Universidad Nacional de M\u00e9xico. En el acto solemne estuvieron presentes como testigos de honor las universidades de Salamanca, la Sorbona de Par\u00eds y Berkeley en California, tres de las m\u00e1s prestigiadas casas de estudio en el mundo. Justo Sierra, entonces ministro de Instrucci\u00f3n P\u00fablica y Bellas Artes, se\u00f1al\u00f3 la importancia de \u201cuniversalizar lo mexicano y mexicanizar lo universal\u201d.<\/span><\/span><\/p>\n<p>&nbsp;<\/p>\n<p><span style=\"font-weight: 400;\">La <a href=\"https:\/\/www.unam.mx\/\" target=\"_blank\" rel=\"noopener\"><strong>UNAM<\/strong> <\/a>contin\u00faa con esa misi\u00f3n. Los esfuerzos de internacionalizaci\u00f3n son un eje estrat\u00e9gico en el trabajo que realizan las sedes en el extranjero. Con la directriz de la Coordinaci\u00f3n de Relaciones y Asuntos Internacionales (<a href=\"http:\/\/crai.unam.mx\/ES\/\" target=\"_blank\" rel=\"noopener\"><strong>CRAI<\/strong><\/a>), las oficinas que la universidad tiene en el exterior permiten tender puentes con diversas regiones del mundo: dar a conocer el desarrollo acad\u00e9mico, cient\u00edfico y cultural de nuestra casa de estudios, y del mismo modo, aprender de otras instituciones para incorporar conocimientos que contribuyan al desarrollo de nuestra sociedad.<\/span><\/p>\n<p>&nbsp;<\/p>\n<p><span style=\"font-weight: 400;\">En 1944 se inaugur\u00f3 la primera sede en San Antonio, Texas. Con este proyecto se puso la primera piedra del que ser\u00eda uno de los principales pilares de la estrategia internacional, la cual <\/span><span style=\"font-weight: 400;\">busca: promover la ense\u00f1anza y certificaci\u00f3n del espa\u00f1ol y la difusi\u00f3n de la cultura mexicana, y apoyar a la comunidad mexicana radicada en el extranjero.<\/span><\/p>\n<p>&nbsp;<\/p>\n<p><span style=\"font-weight: 400;\">El impacto de dicho esfuerzo propici\u00f3 la creaci\u00f3n de mayores y mejores oportunidades para la comunidad universitaria.<\/span><\/p>\n<p>&nbsp;<\/p>\n<p><span style=\"font-weight: 400;\">La consolidaci\u00f3n del proyecto internacional permiti\u00f3 abrir m\u00e1s sedes en el extranjero, con el fin de fomentar la internacionalizaci\u00f3n de la Universidad a trav\u00e9s del desarrollo de actividades de vinculaci\u00f3n, cooperaci\u00f3n y colaboraci\u00f3n inter e intra institucional; el impulso a la movilidad estudiantil y acad\u00e9mica (entrante y saliente) en distintas modalidades, y el desarrollo de programas acad\u00e9micos internacionales como un mecanismo de fortalecimiento en el manejo de lenguas y otras habilidades profesionales.<\/span><\/p>\n<p>&nbsp;<\/p>\n<p><span style=\"font-weight: 400;\">Son m\u00e1s de 75 a\u00f1os de historia los que respaldan el trabajo de la UNAM en el extranjero. Te invitamos a que conozcas la labor que realizan las 11 sedes en Am\u00e9rica del Norte, Europa, Asia, y que t\u00fa tambi\u00e9n seas parte de la comunidad universitaria en todo el mundo.<\/span><\/p>\n<\/div>\n\t\t<\/div><\/div><div id=\"pgc-1195-1-3\"  class=\"panel-grid-cell panel-grid-cell-empty\" ><\/div><\/div><div id=\"pg-1195-2\"  class=\"panel-grid panel-no-style\" ><div id=\"pgc-1195-2-0\"  class=\"panel-grid-cell\" ><div id=\"panel-1195-2-0-0\" class=\"widget_text so-panel widget widget_custom_html panel-first-child panel-last-child\" data-index=\"5\" ><div class=\"textwidget custom-html-widget\"><br><br><br><\/div><\/div><\/div><\/div><\/div>","protected":false},"excerpt":{"rendered":"<p>Historia La Universidad Nacional Aut\u00f3noma de M\u00e9xico tiene como antecedente a la Real y Pontificia Universidad de M\u00e9xico, establecida mediante C\u00e9dula Real en 1551. Desde la fundaci\u00f3n de la Universidad [&hellip;]<\/p>\n","protected":false},"author":3,"featured_media":0,"parent":0,"menu_order":0,"comment_status":"closed","ping_status":"closed","template":"","meta":{"_EventAllDay":false,"_EventTimezone":"","_EventStartDate":"","_EventEndDate":"","_EventStartDateUTC":"","_EventEndDateUTC":"","_EventShowMap":false,"_EventShowMapLink":false,"_EventURL":"","_EventCost":"","_EventCostDescription":"","_EventCurrencySymbol":"","_EventCurrencyCode":"","_EventCurrencyPosition":"","_EventDateTimeSeparator":"","_EventTimeRangeSeparator":"","_EventOrganizerID":[],"_EventVenueID":0,"_OrganizerEmail":"","_OrganizerPhone":"","_OrganizerWebsite":"","_VenueAddress":"","_VenueCity":"","_VenueCountry":"","_VenueProvince":"","_VenueZip":"","_VenuePhone":"","_VenueURL":"","_VenueStateProvince":"","_VenueLat":"","_VenueLng":"","_tribe_blocks_recurrence_rules":"","_tribe_blocks_recurrence_description":"","_tribe_blocks_recurrence_exclusions":"","footnotes":""},"_links":{"self":[{"href":"https:\/\/sedesenelextranjero.unam.mx\/index.php\/wp-json\/wp\/v2\/pages\/1195"}],"collection":[{"href":"https:\/\/sedesenelextranjero.unam.mx\/index.php\/wp-json\/wp\/v2\/pages"}],"about":[{"href":"https:\/\/sedesenelextranjero.unam.mx\/index.php\/wp-json\/wp\/v2\/types\/page"}],"author":[{"embeddable":true,"href":"https:\/\/sedesenelextranjero.unam.mx\/index.php\/wp-json\/wp\/v2\/users\/3"}],"replies":[{"embeddable":true,"href":"https:\/\/sedesenelextranjero.unam.mx\/index.php\/wp-json\/wp\/v2\/comments?post=1195"}],"version-history":[{"count":50,"href":"https:\/\/sedesenelextranjero.unam.mx\/index.php\/wp-json\/wp\/v2\/pages\/1195\/revisions"}],"predecessor-version":[{"id":4539,"href":"https:\/\/sedesenelextranjero.unam.mx\/index.php\/wp-json\/wp\/v2\/pages\/1195\/revisions\/4539"}],"wp:attachment":[{"href":"https:\/\/sedesenelextranjero.unam.mx\/index.php\/wp-json\/wp\/v2\/media?parent=1195"}],"curies":[{"name":"wp","href":"https:\/\/api.w.org\/{rel}","templated":true}]}}